{"id":2859,"date":"2021-07-26T16:30:36","date_gmt":"2021-07-26T19:30:36","guid":{"rendered":"https:\/\/franciscobustosarteaga.com.ar\/?page_id=2859"},"modified":"2021-07-31T16:44:39","modified_gmt":"2021-07-31T19:44:39","slug":"arbol","status":"publish","type":"page","link":"https:\/\/franciscobustosarteaga.com.ar\/index.php\/ilustracion\/arbol\/","title":{"rendered":"\u00c1RBOL DE FIGURITAS"},"content":{"rendered":"\t\t<div data-elementor-type=\"wp-page\" data-elementor-id=\"2859\" class=\"elementor elementor-2859\">\n\t\t\t\t\t\t<section class=\"elementor-section elementor-top-section elementor-element elementor-element-ec4ed3f elementor-section-boxed elementor-section-height-default elementor-section-height-default\" data-id=\"ec4ed3f\" data-element_type=\"section\" data-e-type=\"section\">\n\t\t\t\t\t\t<div class=\"elementor-container elementor-column-gap-default\">\n\t\t\t\t\t<div class=\"elementor-column elementor-col-100 elementor-top-column elementor-element elementor-element-3abbee6\" data-id=\"3abbee6\" data-element_type=\"column\" data-e-type=\"column\">\n\t\t\t<div class=\"elementor-widget-wrap elementor-element-populated\">\n\t\t\t\t\t\t<div class=\"elementor-element elementor-element-3b3b0bd elementor-widget elementor-widget-heading\" data-id=\"3b3b0bd\" data-element_type=\"widget\" data-e-type=\"widget\" data-widget_type=\"heading.default\">\n\t\t\t\t<div class=\"elementor-widget-container\">\n\t\t\t\t\t<h2 class=\"elementor-heading-title elementor-size-default\">\u00c1RBOL DE FIGURITAS \/ TREE PRINTS<\/h2>\t\t\t\t<\/div>\n\t\t\t\t<\/div>\n\t\t\t\t\t<\/div>\n\t\t<\/div>\n\t\t\t\t\t<\/div>\n\t\t<\/section>\n\t\t\t\t<section class=\"elementor-section elementor-top-section elementor-element elementor-element-51618a0 elementor-section-boxed elementor-section-height-default elementor-section-height-default\" data-id=\"51618a0\" data-element_type=\"section\" data-e-type=\"section\">\n\t\t\t\t\t\t<div class=\"elementor-container elementor-column-gap-default\">\n\t\t\t\t\t<div class=\"elementor-column elementor-col-100 elementor-top-column elementor-element elementor-element-95f95a8\" data-id=\"95f95a8\" data-element_type=\"column\" data-e-type=\"column\">\n\t\t\t<div class=\"elementor-widget-wrap elementor-element-populated\">\n\t\t\t\t\t\t<section class=\"elementor-section elementor-inner-section elementor-element elementor-element-25362bc elementor-section-boxed elementor-section-height-default elementor-section-height-default\" data-id=\"25362bc\" data-element_type=\"section\" data-e-type=\"section\">\n\t\t\t\t\t\t<div class=\"elementor-container elementor-column-gap-default\">\n\t\t\t\t\t<div class=\"elementor-column elementor-col-50 elementor-inner-column elementor-element elementor-element-b8c2e21\" data-id=\"b8c2e21\" data-element_type=\"column\" data-e-type=\"column\">\n\t\t\t<div class=\"elementor-widget-wrap elementor-element-populated\">\n\t\t\t\t\t\t<div class=\"elementor-element elementor-element-4c3f204 elementor-widget elementor-widget-text-editor\" data-id=\"4c3f204\" data-element_type=\"widget\" data-e-type=\"widget\" data-widget_type=\"text-editor.default\">\n\t\t\t\t<div class=\"elementor-widget-container\">\n\t\t\t\t\t\t\t\t\t<p><strong>\u00c1RBOL DE FIGURITAS<\/strong> fue una edici\u00f3n de libros con dibujos originales que se vendieron en el Mercado de Ilustraci\u00f3n Mendocina. Fueron alrededor de\u00a0 150 dibujos.<\/p><p>Esto es s\u00f3lo una peque\u00f1a muestra del registro.<\/p>\t\t\t\t\t\t\t\t<\/div>\n\t\t\t\t<\/div>\n\t\t\t\t\t<\/div>\n\t\t<\/div>\n\t\t\t\t<div class=\"elementor-column elementor-col-50 elementor-inner-column elementor-element elementor-element-d024489\" data-id=\"d024489\" data-element_type=\"column\" data-e-type=\"column\">\n\t\t\t<div class=\"elementor-widget-wrap elementor-element-populated\">\n\t\t\t\t\t\t<div class=\"elementor-element elementor-element-e3e300f elementor-widget elementor-widget-text-editor\" data-id=\"e3e300f\" data-element_type=\"widget\" data-e-type=\"widget\" data-widget_type=\"text-editor.default\">\n\t\t\t\t<div class=\"elementor-widget-container\">\n\t\t\t\t\t\t\t\t\t<p><strong>TREE PRINTS<\/strong> was an edition of books with original drawings that were sold at the Mendoza Illustration Market. There were about 150 drawings.<\/p><p>This is just a small sample of the registry.<\/p>\t\t\t\t\t\t\t\t<\/div>\n\t\t\t\t<\/div>\n\t\t\t\t\t<\/div>\n\t\t<\/div>\n\t\t\t\t\t<\/div>\n\t\t<\/section>\n\t\t\t\t\t<\/div>\n\t\t<\/div>\n\t\t\t\t\t<\/div>\n\t\t<\/section>\n\t\t\t\t<section class=\"elementor-section elementor-top-section elementor-element elementor-element-5b73d7e elementor-section-boxed elementor-section-height-default elementor-section-height-default\" data-id=\"5b73d7e\" data-element_type=\"section\" data-e-type=\"section\">\n\t\t\t\t\t\t<div class=\"elementor-container elementor-column-gap-default\">\n\t\t\t\t\t<div class=\"elementor-column elementor-col-100 elementor-top-column elementor-element elementor-element-3985650\" data-id=\"3985650\" data-element_type=\"column\" data-e-type=\"column\">\n\t\t\t<div class=\"elementor-widget-wrap elementor-element-populated\">\n\t\t\t\t\t\t<div class=\"elementor-element elementor-element-569e066 elementor-widget elementor-widget-gallery\" data-id=\"569e066\" data-element_type=\"widget\" data-e-type=\"widget\" data-widget_type=\"gallery.default\">\n\t\t\t\t<div class=\"elementor-widget-container\">\n\t\t\t\t\t \t\t\t\t<\/div>\n\t\t\t\t<\/div>\n\t\t\t\t\t<\/div>\n\t\t<\/div>\n\t\t\t\t\t<\/div>\n\t\t<\/section>\n\t\t\t\t<\/div>\n\t\t","protected":false},"excerpt":{"rendered":"<p>\u00c1RBOL DE FIGURITAS \/ TREE PRINTS \u00c1RBOL DE FIGURITAS fue una edici\u00f3n de libros con dibujos originales que se vendieron en el Mercado de Ilustraci\u00f3n Mendocina. Fueron alrededor de\u00a0 150 dibujos. Esto es s\u00f3lo una peque\u00f1a muestra del registro. TREE PRINTS was an edition of books with original drawings that were sold at the Mendoza [&hellip;]<\/p>\n","protected":false},"author":1,"featured_media":0,"parent":2776,"menu_order":0,"comment_status":"closed","ping_status":"closed","template":"elementor_header_footer","meta":{"footnotes":""},"class_list":["post-2859","page","type-page","status-publish","hentry"],"_links":{"self":[{"href":"https:\/\/franciscobustosarteaga.com.ar\/index.php\/wp-json\/wp\/v2\/pages\/2859","targetHints":{"allow":["GET"]}}],"collection":[{"href":"https:\/\/franciscobustosarteaga.com.ar\/index.php\/wp-json\/wp\/v2\/pages"}],"about":[{"href":"https:\/\/franciscobustosarteaga.com.ar\/index.php\/wp-json\/wp\/v2\/types\/page"}],"author":[{"embeddable":true,"href":"https:\/\/franciscobustosarteaga.com.ar\/index.php\/wp-json\/wp\/v2\/users\/1"}],"replies":[{"embeddable":true,"href":"https:\/\/franciscobustosarteaga.com.ar\/index.php\/wp-json\/wp\/v2\/comments?post=2859"}],"version-history":[{"count":8,"href":"https:\/\/franciscobustosarteaga.com.ar\/index.php\/wp-json\/wp\/v2\/pages\/2859\/revisions"}],"predecessor-version":[{"id":3096,"href":"https:\/\/franciscobustosarteaga.com.ar\/index.php\/wp-json\/wp\/v2\/pages\/2859\/revisions\/3096"}],"up":[{"embeddable":true,"href":"https:\/\/franciscobustosarteaga.com.ar\/index.php\/wp-json\/wp\/v2\/pages\/2776"}],"wp:attachment":[{"href":"https:\/\/franciscobustosarteaga.com.ar\/index.php\/wp-json\/wp\/v2\/media?parent=2859"}],"curies":[{"name":"wp","href":"https:\/\/api.w.org\/{rel}","templated":true}]}}